et i(y) = -5*y**3 + y**2 - 1. What are the prime factors of i(n)?
5
Let x = -15 - -18. Suppose -x*r = -r - 4*p - 78, -2*r - 4*p + 62 = 0. What are the prime factors of r?
5, 7
Suppose q = 0, o = 4*q + 11 + 84. Suppose -5*v - 30 + o = 0. List the prime factors of v.
13
Suppose s = -2 + 16. Suppose s = 3*c + 5. What are the prime factors of c?
3
Suppose -1260 = -q - 4*q. Let k be 186/9 + (-8)/12. List the prime factors of (-4)/(-10) + q/k.
13
Suppose v - 6 = 2*k, 3*v = 5*k + 2*v + 9. What are the prime factors of 24/(k - 2)*-1?
2
Suppose -5*a = -4*n + 38, 2*a + 7 = n - 10. Let q be 2/a - 1/(-5). Suppose q = -y + 10. What are the prime factors of y?
2, 5
Let z(q) = q**3 + 8*q**2 + 9*q + 9. Let o be z(-7). Let w = -1 - o. Suppose -1 = -w*y + 7. What are the prime factors of y?
2
Let f(w) = -w - 1. Let i be f(-12). Suppose 0 = 3*b - 4*v + 8, 2*v = -5*b - 0*v - 48. Let n = b + i. What are the prime factors of n?
3
Let g(k) = 25*k**3 + k**2 - k. Let b be g(1). Suppose 0 = -5*q - 4*m + 57, 4*q - 3*m - b = 33. What are the prime factors of q?
13
Let a = -3 - -3. Suppose -h = 3*h - 12. Suppose a*l = l + h, -l - 15 = -b. What are the prime factors of b?
2, 3
Suppose -i = i. Suppose i = -2*n + 6. What are the prime factors of n?
3
What are the prime factors of 1 - -4 - 2 - -192?
3, 5, 13
Suppose -4*q + 388 = -h + 5*h, 2*q + h - 193 = 0. Suppose -4*z + 0*z = -q. List the prime factors of z.
2, 3
Suppose m + 0*m - 8 = 0. What are the prime factors of m?
2
Suppose 9*q - 4*q - 170 = 0. List the prime factors of q.
2, 17
Suppose 3*h = -29 + 89. Let v = 35 - h. List the prime factors of v.
3, 5
Let v(f) = 2*f**2 + 11*f + 1. Let t be v(-5). Let l(y) = 2*y**2 + 7*y + 3. Let h be l(-5). List the prime factors of (h/4)/((-2)/t).
3
Suppose 0 = -m + 5*t - 0 + 14, 0 = 3*m - 2*t - 107. What are the prime factors of m?
3, 13
What are the prime factors of (-373)/(-3) + (6/9 - 1)?
2, 31
List the prime factors of 0 + 3 + (151 - 0).
2, 7, 11
Let c be (2/(-2))/((-2)/8). Suppose -c*v = 5*x - v + 12, 0 = x - v - 4. Suppose x = -5*t + 5*g + 110, -2*g - g = 5*t - 118. List the prime factors of t.
23
Let z = 5 + -3. What are the prime factors of 52/12 + z/(-6)?
2
Let p = -7 + 11. Suppose 7 = -4*b - 3*q + 17, 2*b - p = -2*q. Suppose -b*n = -u + 8, 2*n - 3*n = 0. What are the prime factors of u?
2
Let j = -3 + 3. Let w(v) = -v + 2. Let o be w(j). Suppose -o*q = -3*i + 43, -6*q + 2*q - 71 = -5*i. What are the prime factors of i?
3, 5
Suppose 5*k - 3 = -2*z, -2*k - 3*k - 1 = z. Suppose 3*w - 14 = -z*n, -2*n = w - 3*n - 7. What are the prime factors of w/2 - -2*1?
5
Suppose -5*u = 3*b, -u - u + 5*b = 0. Suppose u = 2*t - 6*t. Suppose -y - 4*y + 20 = t. List the prime factors of y.
2
Let y = -7 + 10. Suppose 0*g - y*g = -27. Suppose 0*l - g = -l. What are the prime factors of l?
3
Suppose 4*k + 3*f - 228 = 133, 0 = 2*k - 4*f - 208. What are the prime factors of k?
2, 47
Suppose 0 = -3*r + 32 + 16. Suppose -f - r = -47. List the prime factors of f.
31
Suppose 4*p = 5*i - 17, 5*i = -2*p + 26 + 3. Let h = 9 - i. List the prime factors of h.
2
Let q be (39/4)/(12/32). Let p be (-2)/(-3) + q/(-3). List the prime factors of -1 + 1 - (p + 1).
7
Let i = -23 - -28. Suppose -i*g + 87 = 3*r - 72, -5*g + 2*r = -144. What are the prime factors of g?
2, 3, 5
Suppose 5*q - 11 = 9, p = q + 51. What are the prime factors of p?
5, 11
Let p(s) = -2*s + 15. What are the prime factors of p(-6)?
3
Suppose -3904 = -17*b + 992. What are the prime factors of b?
2, 3
Let f(x) be the first derivative of -1 + 1/3*x**3 + 1/2*x**2 + 0*x. What are the prime factors of f(2)?
2, 3
Suppose -107 = -3*u + 46. What are the prime factors of u?
3, 17
Let o be 3 + (17 - -3) + 2. Let c = 18 - o. Let s = 8 - c. What are the prime factors of s?
3, 5
Let s(o) = 2*o**2 - o + 2. What are the prime factors of s(-7)?
107
Let d = 71 - 31. What are the prime factors of d?
2, 5
Suppose -11 = 2*r + 17. What are the prime factors of r/(-8) - 2/(-8)?
2
Let d = -321 + 453. What are the prime factors of d?
2, 3, 11
Suppose 5*o - 5 = 0, 3*n = 2*o + 3*o + 4. Suppose 3*x - 25 = -2*w, 3*x - 38 = -n*w - 2*x. What are the prime factors of w?
11
What are the prime factors of 6/8 - 10935/(-60)?
3, 61
Let u = -29 + 85. Suppose -2*v + u = 18. What are the prime factors of v?
19
Let b(o) = 3*o**3 - 5*o**2 + 3. Let i(d) = -13*d**3 + 21*d**2 + d - 13. Let g(z) = 9*b(z) + 2*i(z). Let k be g(2). List the prime factors of k - (-1 + 0 + -10).
2, 3
Let b(t) = 2*t**2 + 6*t - 2. Let x be b(-6). Suppose 2*c + n + x = 5*c, 32 = 4*c + 2*n. What are the prime factors of c?
2, 5
Let x be (7/(-1))/((-2)/4). Let r = x - 24. Let k = r + 19. What are the prime factors of k?
3
Let t = -46 + 32. Let d = 24 + t. List the prime factors of d.
2, 5
Let a(o) = -1 - o + 0*o**2 - 3*o - o**3 + 5*o**2 + 5. Let f be a(4). Suppose 4*b = f*g + 52, 2*b + 10 = g + 33. What are the prime factors of b?
2, 5
Suppose 4*s = -6 - 2. Let k = s + 4. Let d = 14 - k. List the prime factors of d.
2, 3
Let l = 0 - -4. List the prime factors of l.
2
Suppose -2*v + 3*z = z - 116, 0 = v - 3*z - 50. What are the prime factors of v?
2, 31
Suppose 7*l - 179 = 262. Suppose 0*d = 2*d - 5*c - l, -73 = -2*d - 5*c. What are the prime factors of d?
2, 17
Let a(o) = 15*o + 1. Let u(b) = 7*b + 1. Let i(j) = 2*a(j) - 5*u(j). List the prime factors of i(-2).
7
Let y = -9 + 12. List the prime factors of (1 - y)/((-4)/62).
31
Suppose -3*j = 4 + 14. Let r(m) = m**2 + 5*m - 1. Let c be r(j). Let d = 1 + c. List the prime factors of d.
2, 3
Let j be 3/2 - 4/(-8). Suppose j*n + n + 5*l = 44, 0 = l - 1. Suppose -p + 17 = 5*m, 2*p = -0*m - 3*m + n. What are the prime factors of m?
3
Suppose 5*g + 3 = 2*g. Let z be 2 + g + 0 - -1. Suppose z*d + 8 = 0, 0 = s + 2*d - d + 2. What are the prime factors of s?
2
List the prime factors of (-6)/(-18) - (-1230)/9.
137
Suppose -2*n = -6 - 2. Suppose 2*g = 4 + n. List the prime factors of g.
2
List the prime factors of ((-22)/(-3))/(2/9).
3, 11
Let v(g) = -g. Let t(i) = i**2 + 14*i + 9. Let f(c) = -t(c) - 5*v(c). What are the prime factors of f(-6)?
3
Suppose -5*n + 47 = -53. List the prime factors of n.
2, 5
Suppose g = -25 + 85. List the prime factors of g.
2, 3, 5
What are the prime factors of (108/(-63))/((-6)/483)?
2, 3, 23
Let s(f) = -f**3 + 7*f**2 - 4. Let b be s(6). Let i = b + -15. List the prime factors of i.
17
Let v(x) = 2*x**2 + 5*x - 7. Let n be v(-5). Suppose -2*w - w = -n. What are the prime factors of 3/w*-2 + 5?
2
Suppose -3*d + 24 = 4*y, -10 = 4*y - 2*d - 54. Let r(a) = a**3 - 9*a**2 + a - 7. List the prime factors of r(y).
2
Let m(f) = -f + 2*f + 5 + 7. Let g = -1 - 8. List the prime factors of m(g).
3
Let a = 99 - 28. What are the prime factors of a?
71
Suppose 4*a + 2*q - 168 = 0, -118 - 86 = -5*a - 4*q. Let k be a/(-12) - 4/(-6). List the prime factors of (4/10)/(k/(-90)).
2, 3
Suppose 0 = -4*v + 5*c - 0*c - 10, -2*v = 3*c - 6. Suppose -4*d - 2 + 38 = v. List the prime factors of 2/(-6) - (-84)/d.
3
List the prime factors of (-1152)/(-27) + 2/6.
43
Let u = 199 + -64. What are the prime factors of u?
3, 5
List the prime factors of 15/(-6)*(-176)/5.
2, 11
Let w(s) = -3*s**2 - s - 1. Let a(p) = 24*p**2 + 9*p + 9. Let j(l) = -4*a(l) - 33*w(l). What are the prime factors of j(-2)?
3, 5
Let d(a) = a**2 + 3*a - 2. What are the prime factors of d(7)?
2, 17
Let q = 5 + -3. Suppose -5*j + q - 1 = -s, 4*s = -4*j + 68. What are the prime factors of s?
2, 7
Let c = -30 - -43. Suppose c = -g + 49. List the prime factors of g.
2, 3
Suppose 0 = -z + 5*h - 11, -5*z + 5 + 0 = -5*h. Suppose z*t = r + 137, 3*t = 3*r + 2*r + 107. What are the prime factors of t?
2, 17
Let x = -93 + 46. Let l = 84 + x. What are the prime factors of l?
37
Let t(b) = -b**2 + 8*b + 7. List the prime factors of t(8).
7
Suppose -5*c = -10 - 10. Suppose 4*n = 5*l + 162 - 41, 0 = -c*n + 4*l + 116. What are the prime factors of n?
2, 3
Let j = 25 - -4. Let r = -13 + j. What are the prime factors of r?
2
Suppose -5*f - s + 78 + 511 = 0, -3*f + 4*s + 358 = 0. List the prime factors of f.
2, 59
List the prime factors of (-2 + (-10)/(-4))*14.
7
Suppose 0 = -5*s - 2*t - 65, 3*t = -2*s + t - 32. Let b = s + 23. List the prime factors of b.
2, 3
What are the prime factors of 2/(150/1285) + 4/(-30)?
17
Let p